{"id":304,"date":"2022-06-22T12:38:17","date_gmt":"2022-06-22T10:38:17","guid":{"rendered":"https:\/\/www.npkrka.hr\/?page_id=304"},"modified":"2024-06-17T09:31:35","modified_gmt":"2024-06-17T07:31:35","slug":"2020-2024","status":"publish","type":"page","link":"https:\/\/npkrka.hr\/hr\/o-nama\/upravljanje\/upravno-vijece-2\/ne-otvaraj\/arhiva-sjednica-upravnog-vijeca\/2020-2024\/","title":{"rendered":"UV 2020. \u2013 2024."},"content":{"rendered":"","protected":false},"excerpt":{"rendered":"<p>Javnom ustanovom &#8220;Nacionalni park Krka&#8221; upravlja Upravno vije\u0107e koje ima predsjednika i \u010detiri \u010dlana.<\/p>\n","protected":false},"author":1,"featured_media":2173,"parent":10151,"menu_order":1,"comment_status":"closed","ping_status":"closed","template":"","meta":{"footnotes":""},"class_list":["post-304","page","type-page","status-publish","has-post-thumbnail","hentry"],"_links":{"self":[{"href":"https:\/\/npkrka.hr\/hr\/wp-json\/wp\/v2\/pages\/304","targetHints":{"allow":["GET"]}}],"collection":[{"href":"https:\/\/npkrka.hr\/hr\/wp-json\/wp\/v2\/pages"}],"about":[{"href":"https:\/\/npkrka.hr\/hr\/wp-json\/wp\/v2\/types\/page"}],"author":[{"embeddable":true,"href":"https:\/\/npkrka.hr\/hr\/wp-json\/wp\/v2\/users\/1"}],"replies":[{"embeddable":true,"href":"https:\/\/npkrka.hr\/hr\/wp-json\/wp\/v2\/comments?post=304"}],"version-history":[{"count":0,"href":"https:\/\/npkrka.hr\/hr\/wp-json\/wp\/v2\/pages\/304\/revisions"}],"up":[{"embeddable":true,"href":"https:\/\/npkrka.hr\/hr\/wp-json\/wp\/v2\/pages\/10151"}],"wp:featuredmedia":[{"embeddable":true,"href":"https:\/\/npkrka.hr\/hr\/wp-json\/wp\/v2\/media\/2173"}],"wp:attachment":[{"href":"https:\/\/npkrka.hr\/hr\/wp-json\/wp\/v2\/media?parent=304"}],"curies":[{"name":"wp","href":"https:\/\/api.w.org\/{rel}","templated":true}]}}

<p>Javnom ustanovom &#8220;Nacionalni park Krka&#8221; upravlja Upravno vijeće koje ima predsjednika i četiri člana.</p>
