{"id":1604,"date":"2022-07-15T11:27:17","date_gmt":"2022-07-15T09:27:17","guid":{"rendered":"https:\/\/www.npkrka.hr\/?page_id=1604"},"modified":"2022-10-19T08:28:42","modified_gmt":"2022-10-19T06:28:42","slug":"pjesacka-staza-goris","status":"publish","type":"page","link":"https:\/\/npkrka.hr\/hr\/posjeti\/krka-hike\/pjesacka-staza-goris\/","title":{"rendered":"Staza Gori\u0161 \u2013 Torak"},"content":{"rendered":"<div class=\"elementor-element elementor-element-1cdac694 elementor-widget elementor-widget-text-editor\" data-id=\"1cdac694\" data-element_type=\"widget\" data-widget_type=\"text-editor.default\">\n<ul>\n<li class=\"elementor-widget-container\">Na cesti \u0160ibenik \u2013 Drni\u0161 treba slijediti putokaz za naselje Gori\u0161 i pou\u010dno-pje\u0161a\u010dku stazu<\/li>\n<li class=\"elementor-widget-container\">U Gori\u0161u slijediti putokaze<\/li>\n<li class=\"elementor-widget-container\">Tri su mogu\u0107nosti ulaska na stazu<\/li>\n<li class=\"elementor-widget-container\">Parkirali\u0161te je na otvorenom uz cestu koja prolazi kroz naselje<\/li>\n<li class=\"elementor-widget-container\">Pou\u010dno-pje\u0161a\u010dka staza Gori\u0161 \u2013 vidikovac Torak, 1 500 m, makadamski je i poljski put, ravna sve do vidikovca<\/li>\n<li>Pje\u0161a\u010dka staza Gori\u0161 \u2013 Torak, 1 450 m, makadamski je put, koji se strmo spu\u0161ta do jezera Torak<\/li>\n<\/ul>\n<\/div>\n<div class=\"fotorama rounded-lg  shadow lblue-bg mt-5   \" data-width=\"100%\" data-ratio=\"16\/10\"  data-nav=\"thumbs\" data-autoplay=\"true\" data-arrows=\"true\" data-transition=\"crossfade\"><img decoding=\"async\" src=\"https:\/\/npkrka.hr\/wp-content\/uploads\/rsz_4_staza_goris_\u2013_torak_3.jpg\" width=\"100%\" \/><img decoding=\"async\" src=\"https:\/\/npkrka.hr\/wp-content\/uploads\/rsz_4_staza_goris_\u2013_torak_6.jpg\" width=\"100%\" \/><img decoding=\"async\" src=\"https:\/\/npkrka.hr\/wp-content\/uploads\/rsz_4_staza_goris_\u2013_torak_4.jpg\" width=\"100%\" \/><img decoding=\"async\" src=\"https:\/\/npkrka.hr\/wp-content\/uploads\/rsz_4_staza_goris_\u2013_torak_2.jpg\" width=\"100%\" \/><img decoding=\"async\" src=\"https:\/\/npkrka.hr\/wp-content\/uploads\/rsz_4_staza_goris_\u2013_torak_5_naslovna.jpg\" width=\"100%\" \/><img decoding=\"async\" src=\"https:\/\/npkrka.hr\/wp-content\/uploads\/rsz_4_staza_goris_\u2013_torak_1.jpg\" width=\"100%\" \/><\/div><p>&nbsp;<\/p>\n<div class=\"elementor-element elementor-element-6cb682e5 elementor-widget elementor-widget-text-editor\" data-id=\"6cb682e5\" data-element_type=\"widget\" data-widget_type=\"text-editor.default\">\n<div class=\"elementor-widget-container\"><strong>Kr\u0161ko vrelo u sutoku rijeka<\/strong><\/div>\n<div>\u00a0<\/div>\n<\/div>\n<div class=\"elementor-element elementor-element-289f9039 elementor-widget elementor-widget-text-editor\" data-id=\"289f9039\" data-element_type=\"widget\" data-widget_type=\"text-editor.default\">\n<div class=\"elementor-widget-container\">Sutok rijeka Krke i \u010cikole neobi\u010dan je i bajkovit prizor. Na tom je mjestu priroda oblikovala otok da dijeli dvije rijeke i jezero koje to nije. Izdizanjem sedrene barijere\u00a0Skradinskog buka, ujezereno je trinaest kilometara toka rijeke Krke i potopljeno tri kilometra toka rijeke \u010cikole, stvoriv\u0161i pejsa\u017eno najneobi\u010dniji sutok u Hrvatskoj, koji jo\u0161 posebnijim \u010dini otok Kali\u010dki busen, oko sedamsto metara duga i svega deset metara \u0161iroka sedrena barijera koja razdvaja Krku i u\u0161\u0107e \u010cikole.<\/div>\n<div>\u00a0<\/div>\n<div class=\"elementor-widget-container\">U tom spokojnom pejsa\u017eu \u010dini se da sve miruje, i visoki \u0161a\u0161evi i tr\u0161\u0107aci, samo ptice koje prelije\u0107u nebom podsje\u0107aju da vrijeme ipak prolazi.\u00a0U sredi\u0161tu prizora, kao zjenica oka, smjestio se Torak, vrelo u obliku jezera. Iako se radi o izvoru, zbog okrugla oblika vi\u0161e nalikuje jezeru, pa ga zovemo jezerskim vrelom. Promjer mu je 150 m, dubina 30 m, a sam izvor nalazi se na dnu jezera. Ovo kr\u0161ko vrelo daje \u010distu i pitku vodu koja je nekada napajala ve\u0107inu naselja u jugoisto\u010dnom dijelu \u0160ibensko-kninske \u017eupanije. Danas napaja du\u0161u ljepotom, poti\u010du\u0107i \u010dovjeka da razmi\u0161lja o skladu prirode.<\/div>\n<div>\u00a0<\/div>\n<div class=\"elementor-widget-container\">Sama staza ra\u010dva se: dio vodi do vidikovca, a drugi se spu\u0161ta do Torka, s pogledom na dvije zdru\u017eene rijeke kako ih vide ptice nebeske. \u0160etaju\u0107i putom kojim je nekada lokalno stanovni\u0161tvo i\u0161lo do svojih polja i vrtova, danas mo\u017eete provesti aktivno jutro ili popodne, u\u017eivaju\u0107i u mirnijem i osobnijem do\u017eivljaju Nacionalnog parka, promatraju\u0107i na jednoj strani sutok, a na drugoj utvrdu Klju\u010dicu, do koje vodi kanjon \u010cikole. Nekada je i u Gori\u0161u stajala utvrda koju su \u0160iben\u010dani izgradili 1342. za obranu od turskih osvaja\u010da. Na kraju su je Osmanlije poru\u0161ili. Ipak, korisno je znati da i mala mjesta imaju svoju povijest, svoje putove i skrivene bisere prirode. U ovom slu\u010daju \u2013 safire.<\/div>\n<\/div>\n","protected":false},"excerpt":{"rendered":"<p>Kr\u0161ko vrelo u sutoku rijeka<\/p>\n","protected":false},"author":1,"featured_media":1611,"parent":1355,"menu_order":4,"comment_status":"closed","ping_status":"closed","template":"page-bike.php","meta":{"footnotes":""},"class_list":["post-1604","page","type-page","status-publish","has-post-thumbnail","hentry"],"_links":{"self":[{"href":"https:\/\/npkrka.hr\/hr\/wp-json\/wp\/v2\/pages\/1604","targetHints":{"allow":["GET"]}}],"collection":[{"href":"https:\/\/npkrka.hr\/hr\/wp-json\/wp\/v2\/pages"}],"about":[{"href":"https:\/\/npkrka.hr\/hr\/wp-json\/wp\/v2\/types\/page"}],"author":[{"embeddable":true,"href":"https:\/\/npkrka.hr\/hr\/wp-json\/wp\/v2\/users\/1"}],"replies":[{"embeddable":true,"href":"https:\/\/npkrka.hr\/hr\/wp-json\/wp\/v2\/comments?post=1604"}],"version-history":[{"count":0,"href":"https:\/\/npkrka.hr\/hr\/wp-json\/wp\/v2\/pages\/1604\/revisions"}],"up":[{"embeddable":true,"href":"https:\/\/npkrka.hr\/hr\/wp-json\/wp\/v2\/pages\/1355"}],"wp:featuredmedia":[{"embeddable":true,"href":"https:\/\/npkrka.hr\/hr\/wp-json\/wp\/v2\/media\/1611"}],"wp:attachment":[{"href":"https:\/\/npkrka.hr\/hr\/wp-json\/wp\/v2\/media?parent=1604"}],"curies":[{"name":"wp","href":"https:\/\/api.w.org\/{rel}","templated":true}]}}

Staza Goriš – Torak

<div class="elementor-element elementor-element-1cdac694 elementor-widget elementor-widget-text-editor" data-id="1cdac694" data-element_type="widget" data-widget_type="text-editor.default">
<ul>
<li class="elementor-widget-container">Na cesti Šibenik – Drniš treba slijediti putokaz za naselje Goriš i poučno-pješačku stazu</li>
<li class="elementor-widget-container">U Gorišu slijediti putokaze</li>
<li class="elementor-widget-container">Tri su mogućnosti ulaska na stazu</li>
<li class="elementor-widget-container">Parkiralište je na otvorenom uz cestu koja prolazi kroz naselje</li>
<li class="elementor-widget-container">Poučno-pješačka staza Goriš – vidikovac Torak, 1 500 m, makadamski je i poljski put, ravna sve do vidikovca</li>
<li>Pješačka staza Goriš – Torak, 1 450 m, makadamski je put, koji se strmo spušta do jezera Torak</li>
</ul>
</div>
<div class="fotorama rounded-lg  shadow lblue-bg mt-5   " data-width="100%" data-ratio="16/10"  data-nav="thumbs" data-autoplay="true" data-arrows="true" data-transition="crossfade"><img decoding="async" src="https://npkrka.hr/wp-content/uploads/rsz_4_staza_goris_–_torak_3.jpg" width="100%" /><img decoding="async" src="https://npkrka.hr/wp-content/uploads/rsz_4_staza_goris_–_torak_6.jpg" width="100%" /><img decoding="async" src="https://npkrka.hr/wp-content/uploads/rsz_4_staza_goris_–_torak_4.jpg" width="100%" /><img decoding="async" src="https://npkrka.hr/wp-content/uploads/rsz_4_staza_goris_–_torak_2.jpg" width="100%" /><img decoding="async" src="https://npkrka.hr/wp-content/uploads/rsz_4_staza_goris_–_torak_5_naslovna.jpg" width="100%" /><img decoding="async" src="https://npkrka.hr/wp-content/uploads/rsz_4_staza_goris_–_torak_1.jpg" width="100%" /></div><p>&nbsp;</p>
<div class="elementor-element elementor-element-6cb682e5 elementor-widget elementor-widget-text-editor" data-id="6cb682e5" data-element_type="widget" data-widget_type="text-editor.default">
<div class="elementor-widget-container"><strong>Krško vrelo u sutoku rijeka</strong></div>
<div> </div>
</div>
<div class="elementor-element elementor-element-289f9039 elementor-widget elementor-widget-text-editor" data-id="289f9039" data-element_type="widget" data-widget_type="text-editor.default">
<div class="elementor-widget-container">Sutok rijeka Krke i Čikole neobičan je i bajkovit prizor. Na tom je mjestu priroda oblikovala otok da dijeli dvije rijeke i jezero koje to nije. Izdizanjem sedrene barijere Skradinskog buka, ujezereno je trinaest kilometara toka rijeke Krke i potopljeno tri kilometra toka rijeke Čikole, stvorivši pejsažno najneobičniji sutok u Hrvatskoj, koji još posebnijim čini otok Kalički busen, oko sedamsto metara duga i svega deset metara široka sedrena barijera koja razdvaja Krku i ušće Čikole.</div>
<div> </div>
<div class="elementor-widget-container">U tom spokojnom pejsažu čini se da sve miruje, i visoki šaševi i tršćaci, samo ptice koje prelijeću nebom podsjećaju da vrijeme ipak prolazi. U središtu prizora, kao zjenica oka, smjestio se Torak, vrelo u obliku jezera. Iako se radi o izvoru, zbog okrugla oblika više nalikuje jezeru, pa ga zovemo jezerskim vrelom. Promjer mu je 150 m, dubina 30 m, a sam izvor nalazi se na dnu jezera. Ovo krško vrelo daje čistu i pitku vodu koja je nekada napajala većinu naselja u jugoistočnom dijelu Šibensko-kninske županije. Danas napaja dušu ljepotom, potičući čovjeka da razmišlja o skladu prirode.</div>
<div> </div>
<div class="elementor-widget-container">Sama staza račva se: dio vodi do vidikovca, a drugi se spušta do Torka, s pogledom na dvije združene rijeke kako ih vide ptice nebeske. Šetajući putom kojim je nekada lokalno stanovništvo išlo do svojih polja i vrtova, danas možete provesti aktivno jutro ili popodne, uživajući u mirnijem i osobnijem doživljaju Nacionalnog parka, promatrajući na jednoj strani sutok, a na drugoj utvrdu Ključicu, do koje vodi kanjon Čikole. Nekada je i u Gorišu stajala utvrda koju su Šibenčani izgradili 1342. za obranu od turskih osvajača. Na kraju su je Osmanlije porušili. Ipak, korisno je znati da i mala mjesta imaju svoju povijest, svoje putove i skrivene bisere prirode. U ovom slučaju – safire.</div>
</div>

<p>Krško vrelo u sutoku rijeka</p>
