{"id":6366,"date":"2023-01-16T10:37:59","date_gmt":"2023-01-16T09:37:59","guid":{"rendered":"https:\/\/www.npkrka.hr\/?page_id=6366"},"modified":"2024-05-22T10:10:29","modified_gmt":"2024-05-22T08:10:29","slug":"upravno-vijece-2","status":"publish","type":"page","link":"https:\/\/npkrka.hr\/en_us\/o-nama\/upravljanje\/upravno-vijece-2\/","title":{"rendered":"Administrative Council"},"content":{"rendered":"<p><strong>Javnom ustanovom \u201eNacionalni park Krka\u201c upravlja Upravno vije\u0107e koje ima predsjednika i \u010detiri \u010dlana.<\/strong><\/p>\n<p>Odlukom Ministarstva za\u0161tite okoli\u0161a i energetike \u010dlanovi Upravnog vije\u0107a JU \u201eNP Krka\u201c su:<\/p>\n<ul>\n<li>Anamarija Matak, predsjednica<\/li>\n<li>Nediljko Duji\u0107, \u010dlan<\/li>\n<li>Lidija Bujas, \u010dlanica<\/li>\n<li>Katarina Po\u017ear, \u010dlanica<\/li>\n<li>Stjepan Gundi\u0107, \u010dlan (predstavnik radnika)<\/li>\n<\/ul>","protected":false},"excerpt":{"rendered":"<p>Javnom ustanovom \u201eNacionalni park Krka\u201c upravlja Upravno vije\u0107e koje ima predsjednika i \u010detiri \u010dlana.Sukladno Odluci Ministarstva za\u0161tite okoli\u0161a i prirode od 26. travnja 2016. godine, Klasa: 080-09\/16-01\/42, Urbroj: 517-04&#8230;<\/p>","protected":false},"author":1,"featured_media":2173,"parent":2748,"menu_order":4,"comment_status":"closed","ping_status":"closed","template":"page-2.php","meta":{"footnotes":""},"class_list":["post-6366","page","type-page","status-publish","has-post-thumbnail","hentry"],"_links":{"self":[{"href":"https:\/\/npkrka.hr\/en_us\/wp-json\/wp\/v2\/pages\/6366","targetHints":{"allow":["GET"]}}],"collection":[{"href":"https:\/\/npkrka.hr\/en_us\/wp-json\/wp\/v2\/pages"}],"about":[{"href":"https:\/\/npkrka.hr\/en_us\/wp-json\/wp\/v2\/types\/page"}],"author":[{"embeddable":true,"href":"https:\/\/npkrka.hr\/en_us\/wp-json\/wp\/v2\/users\/1"}],"replies":[{"embeddable":true,"href":"https:\/\/npkrka.hr\/en_us\/wp-json\/wp\/v2\/comments?post=6366"}],"version-history":[{"count":0,"href":"https:\/\/npkrka.hr\/en_us\/wp-json\/wp\/v2\/pages\/6366\/revisions"}],"up":[{"embeddable":true,"href":"https:\/\/npkrka.hr\/en_us\/wp-json\/wp\/v2\/pages\/2748"}],"wp:featuredmedia":[{"embeddable":true,"href":"https:\/\/npkrka.hr\/en_us\/wp-json\/wp\/v2\/media\/2173"}],"wp:attachment":[{"href":"https:\/\/npkrka.hr\/en_us\/wp-json\/wp\/v2\/media?parent=6366"}],"curies":[{"name":"wp","href":"https:\/\/api.w.org\/{rel}","templated":true}]}}

<p><strong>Javnom ustanovom „Nacionalni park Krka“ upravlja Upravno vijeće koje ima predsjednika i četiri člana.</strong></p>
<p>Odlukom Ministarstva zaštite okoliša i energetike članovi Upravnog vijeća JU „NP Krka“ su:</p>
<ul>
<li>Anamarija Matak, predsjednica</li>
<li>Nediljko Dujić, član</li>
<li>Lidija Bujas, članica</li>
<li>Katarina Požar, članica</li>
<li>Stjepan Gundić, član (predstavnik radnika)</li>
</ul>

<p>Javnom ustanovom „Nacionalni park Krka“ upravlja Upravno vijeće koje ima predsjednika i četiri člana.Sukladno Odluci Ministarstva zaštite okoliša i prirode od 26. travnja 2016. godine, Klasa: 080-09/16-01/42, Urbroj: 517-04&#8230;</p>
